{"version":"1.0","provider_name":"Familia Salesiana","provider_url":"https:\/\/www.salesianos.edu\/familiasalesiana","author_name":"joseluisgarciamoscoso","author_url":"https:\/\/www.salesianos.edu\/familiasalesiana\/author\/joseluisgarciamoscoso\/","title":"150 A\u00d1OS DE GRATITUD A DON BOSCO - Familia Salesiana","type":"rich","width":600,"height":338,"html":"<blockquote class=\"wp-embedded-content\" data-secret=\"wV5UAec6ry\"><a href=\"https:\/\/www.salesianos.edu\/familiasalesiana\/150-anos-de-gratitud-a-don-bosco\/\">150 A\u00d1OS DE GRATITUD A DON BOSCO<\/a><\/blockquote><iframe sandbox=\"allow-scripts\" security=\"restricted\" src=\"https:\/\/www.salesianos.edu\/familiasalesiana\/150-anos-de-gratitud-a-don-bosco\/embed\/#?secret=wV5UAec6ry\" width=\"600\" height=\"338\" title=\"\u00ab150 A\u00d1OS DE GRATITUD A DON BOSCO\u00bb \u2014 Familia Salesiana\" data-secret=\"wV5UAec6ry\" frameborder=\"0\" marginwidth=\"0\" marginheight=\"0\" scrolling=\"no\" class=\"wp-embedded-content\"><\/iframe><script type=\"text\/javascript\">\n\/* <![CDATA[ *\/\n\/*! This file is auto-generated *\/\n!function(d,l){\"use strict\";l.querySelector&&d.addEventListener&&\"undefined\"!=typeof URL&&(d.wp=d.wp||{},d.wp.receiveEmbedMessage||(d.wp.receiveEmbedMessage=function(e){var t=e.data;if((t||t.secret||t.message||t.value)&&!\/[^a-zA-Z0-9]\/.test(t.secret)){for(var s,r,n,a=l.querySelectorAll('iframe[data-secret=\"'+t.secret+'\"]'),o=l.querySelectorAll('blockquote[data-secret=\"'+t.secret+'\"]'),c=new RegExp(\"^https?:$\",\"i\"),i=0;i<o.length;i++)o[i].style.display=\"none\";for(i=0;i<a.length;i++)s=a[i],e.source===s.contentWindow&&(s.removeAttribute(\"style\"),\"height\"===t.message?(1e3<(r=parseInt(t.value,10))?r=1e3:~~r<200&&(r=200),s.height=r):\"link\"===t.message&&(r=new URL(s.getAttribute(\"src\")),n=new URL(t.value),c.test(n.protocol))&&n.host===r.host&&l.activeElement===s&&(d.top.location.href=t.value))}},d.addEventListener(\"message\",d.wp.receiveEmbedMessage,!1),l.addEventListener(\"DOMContentLoaded\",function(){for(var e,t,s=l.querySelectorAll(\"iframe.wp-embedded-content\"),r=0;r<s.length;r++)(t=(e=s[r]).getAttribute(\"data-secret\"))||(t=Math.random().toString(36).substring(2,12),e.src+=\"#?secret=\"+t,e.setAttribute(\"data-secret\",t)),e.contentWindow.postMessage({message:\"ready\",secret:t},\"*\")},!1)))}(window,document);\n\/\/# sourceURL=https:\/\/www.salesianos.edu\/familiasalesiana\/wp-includes\/js\/wp-embed.min.js\n\/* ]]> *\/\n<\/script>\n","thumbnail_url":"https:\/\/www.salesianos.edu\/familiasalesiana\/wp-content\/uploads\/sites\/5\/2020\/06\/150-AAAA.jpg","thumbnail_width":960,"thumbnail_height":500,"description":"[et_pb_section fb_built=\u00bb1&#8243; _builder_version=\u00bb4.4.7&#8243;][et_pb_row column_structure=\u00bb1_3,2_3&#8243; _builder_version=\u00bb4.4.7&#8243;][et_pb_column type=\u00bb1_3&#8243; _builder_version=\u00bb4.4.7&#8243;][et_pb_image src=\u00bbhttps:\/\/www.salesianos.edu\/wp-content\/uploads\/2020\/06\/CARTEL150FREGIONAL-scaled.jpg\u00bb title_text=\u00bbCARTEL150FREGIONAL\u00bb _builder_version=\u00bb4.4.7&#8243;][\/et_pb_image][\/et_pb_column][et_pb_column type=\u00bb2_3&#8243; _builder_version=\u00bb4.4.7&#8243;][et_pb_text _builder_version=\u00bb4.4.7&#8243; text_line_height=\u00bb1.4em\u00bb header_line_height=\u00bb1.4em\u00bb] El pr\u00f3ximo d\u00eda veinticuatro del presente mes de junio, festividad de San Juan Bautista, se cumplen 150 a\u00f1os de aquel hecho que origin\u00f3 la fundaci\u00f3n de la primera Asociaci\u00f3n de Antiguos Alumnos de Don Bosco. Un grupo de exalumnos del [&hellip;]"}

150 AÑOS DE GRATITUD A DON BOSCO - Familia Salesiana

<blockquote class="wp-embedded-content" data-secret="wV5UAec6ry"><a href="https://www.salesianos.edu/familiasalesiana/150-anos-de-gratitud-a-don-bosco/">150 AÑOS DE GRATITUD A DON BOSCO</a></blockquote><iframe sandbox="allow-scripts" security="restricted" src="https://www.salesianos.edu/familiasalesiana/150-anos-de-gratitud-a-don-bosco/embed/#?secret=wV5UAec6ry" width="600" height="338" title="«150 AÑOS DE GRATITUD A DON BOSCO» — Familia Salesiana" data-secret="wV5UAec6ry" frameborder="0" marginwidth="0" marginheight="0" scrolling="no" class="wp-embedded-content"></iframe><script type="text/javascript">
/* <![CDATA[ */
/*! This file is auto-generated */
!function(d,l){"use strict";l.querySelector&&d.addEventListener&&"undefined"!=typeof URL&&(d.wp=d.wp||{},d.wp.receiveEmbedMessage||(d.wp.receiveEmbedMessage=function(e){var t=e.data;if((t||t.secret||t.message||t.value)&&!/[^a-zA-Z0-9]/.test(t.secret)){for(var s,r,n,a=l.querySelectorAll('iframe[data-secret="'+t.secret+'"]'),o=l.querySelectorAll('blockquote[data-secret="'+t.secret+'"]'),c=new RegExp("^https?:$","i"),i=0;i<o.length;i++)o[i].style.display="none";for(i=0;i<a.length;i++)s=a[i],e.source===s.contentWindow&&(s.removeAttribute("style"),"height"===t.message?(1e3<(r=parseInt(t.value,10))?r=1e3:~~r<200&&(r=200),s.height=r):"link"===t.message&&(r=new URL(s.getAttribute("src")),n=new URL(t.value),c.test(n.protocol))&&n.host===r.host&&l.activeElement===s&&(d.top.location.href=t.value))}},d.addEventListener("message",d.wp.receiveEmbedMessage,!1),l.addEventListener("DOMContentLoaded",function(){for(var e,t,s=l.querySelectorAll("iframe.wp-embedded-content"),r=0;r<s.length;r++)(t=(e=s[r]).getAttribute("data-secret"))||(t=Math.random().toString(36).substring(2,12),e.src+="#?secret="+t,e.setAttribute("data-secret",t)),e.contentWindow.postMessage({message:"ready",secret:t},"*")},!1)))}(window,document);
//# sourceURL=https://www.salesianos.edu/familiasalesiana/wp-includes/js/wp-embed.min.js
/* ]]> */
</script>

[et_pb_section fb_built=»1&#8243; _builder_version=»4.4.7&#8243;][et_pb_row column_structure=»1_3,2_3&#8243; _builder_version=»4.4.7&#8243;][et_pb_column type=»1_3&#8243; _builder_version=»4.4.7&#8243;][et_pb_image src=»https://www.salesianos.edu/wp-content/uploads/2020/06/CARTEL150FREGIONAL-scaled.jpg» title_text=»CARTEL150FREGIONAL» _builder_version=»4.4.7&#8243;][/et_pb_image][/et_pb_column][et_pb_column type=»2_3&#8243; _builder_version=»4.4.7&#8243;][et_pb_text _builder_version=»4.4.7&#8243; text_line_height=»1.4em» header_line_height=»1.4em»] El próximo día veinticuatro del presente mes de junio, festividad de San Juan Bautista, se cumplen 150 años de aquel hecho que originó la fundación de la primera Asociación de Antiguos Alumnos de Don Bosco. Un grupo de exalumnos del [&hellip;]
