{"version":"1.0","provider_name":"Revista SMX","provider_url":"http:\/\/www.salesianos.edu\/revistasmx","author_name":"martapeirat","author_url":"http:\/\/www.salesianos.edu\/revistasmx\/author\/martapeirat\/","title":"Las 24 de Carlos Taranc\u00f3n - Revista SMX","type":"rich","width":600,"height":338,"html":"<blockquote class=\"wp-embedded-content\" data-secret=\"LriqXwqTNZ\"><a href=\"http:\/\/www.salesianos.edu\/revistasmx\/las-24-de-carlos-tarancon\/\">Las 24 de Carlos Taranc\u00f3n<\/a><\/blockquote><iframe sandbox=\"allow-scripts\" security=\"restricted\" src=\"http:\/\/www.salesianos.edu\/revistasmx\/las-24-de-carlos-tarancon\/embed\/#?secret=LriqXwqTNZ\" width=\"600\" height=\"338\" title=\"\u00abLas 24 de Carlos Taranc\u00f3n\u00bb \u2014 Revista SMX\" data-secret=\"LriqXwqTNZ\" frameborder=\"0\" marginwidth=\"0\" marginheight=\"0\" scrolling=\"no\" class=\"wp-embedded-content\"><\/iframe><script type=\"text\/javascript\">\n\/* <![CDATA[ *\/\n\/*! This file is auto-generated *\/\n!function(d,l){\"use strict\";l.querySelector&&d.addEventListener&&\"undefined\"!=typeof URL&&(d.wp=d.wp||{},d.wp.receiveEmbedMessage||(d.wp.receiveEmbedMessage=function(e){var t=e.data;if((t||t.secret||t.message||t.value)&&!\/[^a-zA-Z0-9]\/.test(t.secret)){for(var s,r,n,a=l.querySelectorAll('iframe[data-secret=\"'+t.secret+'\"]'),o=l.querySelectorAll('blockquote[data-secret=\"'+t.secret+'\"]'),c=new RegExp(\"^https?:$\",\"i\"),i=0;i<o.length;i++)o[i].style.display=\"none\";for(i=0;i<a.length;i++)s=a[i],e.source===s.contentWindow&&(s.removeAttribute(\"style\"),\"height\"===t.message?(1e3<(r=parseInt(t.value,10))?r=1e3:~~r<200&&(r=200),s.height=r):\"link\"===t.message&&(r=new URL(s.getAttribute(\"src\")),n=new URL(t.value),c.test(n.protocol))&&n.host===r.host&&l.activeElement===s&&(d.top.location.href=t.value))}},d.addEventListener(\"message\",d.wp.receiveEmbedMessage,!1),l.addEventListener(\"DOMContentLoaded\",function(){for(var e,t,s=l.querySelectorAll(\"iframe.wp-embedded-content\"),r=0;r<s.length;r++)(t=(e=s[r]).getAttribute(\"data-secret\"))||(t=Math.random().toString(36).substring(2,12),e.src+=\"#?secret=\"+t,e.setAttribute(\"data-secret\",t)),e.contentWindow.postMessage({message:\"ready\",secret:t},\"*\")},!1)))}(window,document);\n\/\/# sourceURL=http:\/\/www.salesianos.edu\/revistasmx\/wp-includes\/js\/wp-embed.min.js\n\/* ]]> *\/\n<\/script>\n","thumbnail_url":"http:\/\/www.salesianos.edu\/revistasmx\/wp-content\/uploads\/sites\/8\/2021\/11\/IMG_20200709_113852-scaled.jpg","thumbnail_width":2560,"thumbnail_height":1081,"description":"Trabaja en la inspector\u00eda en la Casa San Jos\u00e9 desde hace 11 a\u00f1os como Secretario T\u00e9cnico de la Fundaci\u00f3n \u00c1ngel Tom\u00e1s. Es antiguo alumno de Salesianos San Antonio Abad de Valencia donde estudi\u00f3 desde los 4 hasta los 17 a\u00f1os. Ingeniero en organizaci\u00f3n industrial de formaci\u00f3n. Fue destinatario y monitor del centro juvenil Amics hasta los 26 a\u00f1os y en la actualidad aspirante a salesiano cooperador. Casado con Marta y padre de una hija, Meira."}

Las 24 de Carlos Tarancón - Revista SMX

<blockquote class="wp-embedded-content" data-secret="LriqXwqTNZ"><a href="http://www.salesianos.edu/revistasmx/las-24-de-carlos-tarancon/">Las 24 de Carlos Tarancón</a></blockquote><iframe sandbox="allow-scripts" security="restricted" src="http://www.salesianos.edu/revistasmx/las-24-de-carlos-tarancon/embed/#?secret=LriqXwqTNZ" width="600" height="338" title="«Las 24 de Carlos Tarancón» — Revista SMX" data-secret="LriqXwqTNZ" frameborder="0" marginwidth="0" marginheight="0" scrolling="no" class="wp-embedded-content"></iframe><script type="text/javascript">
/* <![CDATA[ */
/*! This file is auto-generated */
!function(d,l){"use strict";l.querySelector&&d.addEventListener&&"undefined"!=typeof URL&&(d.wp=d.wp||{},d.wp.receiveEmbedMessage||(d.wp.receiveEmbedMessage=function(e){var t=e.data;if((t||t.secret||t.message||t.value)&&!/[^a-zA-Z0-9]/.test(t.secret)){for(var s,r,n,a=l.querySelectorAll('iframe[data-secret="'+t.secret+'"]'),o=l.querySelectorAll('blockquote[data-secret="'+t.secret+'"]'),c=new RegExp("^https?:$","i"),i=0;i<o.length;i++)o[i].style.display="none";for(i=0;i<a.length;i++)s=a[i],e.source===s.contentWindow&&(s.removeAttribute("style"),"height"===t.message?(1e3<(r=parseInt(t.value,10))?r=1e3:~~r<200&&(r=200),s.height=r):"link"===t.message&&(r=new URL(s.getAttribute("src")),n=new URL(t.value),c.test(n.protocol))&&n.host===r.host&&l.activeElement===s&&(d.top.location.href=t.value))}},d.addEventListener("message",d.wp.receiveEmbedMessage,!1),l.addEventListener("DOMContentLoaded",function(){for(var e,t,s=l.querySelectorAll("iframe.wp-embedded-content"),r=0;r<s.length;r++)(t=(e=s[r]).getAttribute("data-secret"))||(t=Math.random().toString(36).substring(2,12),e.src+="#?secret="+t,e.setAttribute("data-secret",t)),e.contentWindow.postMessage({message:"ready",secret:t},"*")},!1)))}(window,document);
//# sourceURL=http://www.salesianos.edu/revistasmx/wp-includes/js/wp-embed.min.js
/* ]]> */
</script>

Trabaja en la inspectoría en la Casa San José desde hace 11 años como Secretario Técnico de la Fundación Ángel Tomás. Es antiguo alumno de Salesianos San Antonio Abad de Valencia donde estudió desde los 4 hasta los 17 años. Ingeniero en organización industrial de formación. Fue destinatario y monitor del centro juvenil Amics hasta los 26 años y en la actualidad aspirante a salesiano cooperador. Casado con Marta y padre de una hija, Meira.
