{"version":"1.0","provider_name":"Revista SMX","provider_url":"http:\/\/www.salesianos.edu\/revistasmx","author_name":"martapeirat","author_url":"http:\/\/www.salesianos.edu\/revistasmx\/author\/martapeirat\/","title":"In memoriam: Pedro Araiz - Revista SMX","type":"rich","width":600,"height":338,"html":"<blockquote class=\"wp-embedded-content\" data-secret=\"nurdZafUeO\"><a href=\"http:\/\/www.salesianos.edu\/revistasmx\/in-memoriam-pedro-araiz\/\">In memoriam: Pedro Araiz<\/a><\/blockquote><iframe sandbox=\"allow-scripts\" security=\"restricted\" src=\"http:\/\/www.salesianos.edu\/revistasmx\/in-memoriam-pedro-araiz\/embed\/#?secret=nurdZafUeO\" width=\"600\" height=\"338\" title=\"\u00abIn memoriam: Pedro Araiz\u00bb \u2014 Revista SMX\" data-secret=\"nurdZafUeO\" frameborder=\"0\" marginwidth=\"0\" marginheight=\"0\" scrolling=\"no\" class=\"wp-embedded-content\"><\/iframe><script type=\"text\/javascript\">\n\/* <![CDATA[ *\/\n\/*! This file is auto-generated *\/\n!function(d,l){\"use strict\";l.querySelector&&d.addEventListener&&\"undefined\"!=typeof URL&&(d.wp=d.wp||{},d.wp.receiveEmbedMessage||(d.wp.receiveEmbedMessage=function(e){var t=e.data;if((t||t.secret||t.message||t.value)&&!\/[^a-zA-Z0-9]\/.test(t.secret)){for(var s,r,n,a=l.querySelectorAll('iframe[data-secret=\"'+t.secret+'\"]'),o=l.querySelectorAll('blockquote[data-secret=\"'+t.secret+'\"]'),c=new RegExp(\"^https?:$\",\"i\"),i=0;i<o.length;i++)o[i].style.display=\"none\";for(i=0;i<a.length;i++)s=a[i],e.source===s.contentWindow&&(s.removeAttribute(\"style\"),\"height\"===t.message?(1e3<(r=parseInt(t.value,10))?r=1e3:~~r<200&&(r=200),s.height=r):\"link\"===t.message&&(r=new URL(s.getAttribute(\"src\")),n=new URL(t.value),c.test(n.protocol))&&n.host===r.host&&l.activeElement===s&&(d.top.location.href=t.value))}},d.addEventListener(\"message\",d.wp.receiveEmbedMessage,!1),l.addEventListener(\"DOMContentLoaded\",function(){for(var e,t,s=l.querySelectorAll(\"iframe.wp-embedded-content\"),r=0;r<s.length;r++)(t=(e=s[r]).getAttribute(\"data-secret\"))||(t=Math.random().toString(36).substring(2,12),e.src+=\"#?secret=\"+t,e.setAttribute(\"data-secret\",t)),e.contentWindow.postMessage({message:\"ready\",secret:t},\"*\")},!1)))}(window,document);\n\/\/# sourceURL=http:\/\/www.salesianos.edu\/revistasmx\/wp-includes\/js\/wp-embed.min.js\n\/* ]]> *\/\n<\/script>\n","thumbnail_url":"https:\/\/www.salesianos.edu\/revistasmx\/wp-content\/uploads\/sites\/8\/2018\/10\/Araiz-Pedro.jpg","thumbnail_width":600,"thumbnail_height":450,"description":"[et_pb_section bb_built=\u00bb1&#8243;][et_pb_row][et_pb_column type=\u00bb1_2&#8243;][et_pb_image _builder_version=\u00bb3.13.1&#8243; src=\u00bbhttps:\/\/www.salesianos.edu\/revistasmx\/wp-content\/uploads\/sites\/8\/2018\/10\/Araiz-Pedro-vertical.jpg\u00bb \/][\/et_pb_column][et_pb_column type=\u00bb1_2&#8243;][et_pb_text _builder_version=\u00bb3.13.1&#8243;] La Inspector\u00eda Salesiana Mar\u00eda Auxiliadora comunica el fallecimiento del salesiano sacerdote, Pedro Araiz Churio, acontecido en la madrugada del viernes 31 de agosto de 2018. Su estado de salud, ya delicado desde hace muchos a\u00f1os, se hab\u00eda agravado en estos \u00faltimos d\u00edas. Ten\u00eda 90 a\u00f1os de edad [&hellip;]"}

[et_pb_section bb_built=»1&#8243;][et_pb_row][et_pb_column type=»1_2&#8243;][et_pb_image _builder_version=»3.13.1&#8243; src=»https://www.salesianos.edu/revistasmx/wp-content/uploads/sites/8/2018/10/Araiz-Pedro-vertical.jpg» /][/et_pb_column][et_pb_column type=»1_2&#8243;][et_pb_text _builder_version=»3.13.1&#8243;] La Inspectoría Salesiana María Auxiliadora comunica el fallecimiento del salesiano sacerdote, Pedro Araiz Churio, acontecido en la madrugada del viernes 31 de agosto de 2018. Su estado de salud, ya delicado desde hace muchos años, se había agravado en estos últimos días. Tenía 90 años de edad [&hellip;]
