{"id":9338,"date":"2021-02-22T12:13:09","date_gmt":"2021-02-22T11:13:09","guid":{"rendered":"http:\/\/www.salesianos.edu\/familiasalesiana\/?page_id=9338"},"modified":"2021-02-22T19:14:41","modified_gmt":"2021-02-22T18:14:41","slug":"conversaciones-entre-delegados","status":"publish","type":"page","link":"http:\/\/www.salesianos.edu\/familiasalesiana\/conversaciones-entre-delegados\/","title":{"rendered":"conversaciones entre delegados"},"content":{"rendered":"<div id=\"fb-root\"><\/div>\n<p>[et_pb_section fb_built=\u00bb1&#8243; fullwidth=\u00bbon\u00bb _builder_version=\u00bb4.2.2&#8243; locked=\u00bboff\u00bb][et_pb_fullwidth_header title=\u00bbConversaciones entre Delegados\u00bb subhead=\u00bbBlog\u00bb button_one_url=\u00bb\/legal\u00bb button_two_url=\u00bb\/cookies\u00bb module_class=\u00bbvertical-align\u00bb _builder_version=\u00bb4.9.0&#8243; title_text_align=\u00bbright\u00bb title_font_size=\u00bb65px\u00bb subhead_font=\u00bbLato||on||||||\u00bb subhead_text_align=\u00bbright\u00bb subhead_font_size=\u00bb30px\u00bb subhead_line_height=\u00bb130%\u00bb background_image=\u00bbhttp:\/\/www.salesianos.edu\/familiasalesiana\/wp-content\/uploads\/sites\/5\/2019\/11\/12J-El-que-tenga-oidos.jpg\u00bb background_blend=\u00bbmultiply\u00bb custom_button_one=\u00bbon\u00bb button_one_text_color=\u00bb#dc001b\u00bb button_one_bg_color=\u00bb#ffffff\u00bb button_one_border_width=\u00bb0px\u00bb button_one_border_radius=\u00bb100px\u00bb button_one_icon=\u00bb%%20%%\u00bb button_one_icon_color=\u00bb#dc001b\u00bb custom_button_two=\u00bbon\u00bb button_two_text_color=\u00bb#dc001b\u00bb button_two_bg_color=\u00bb#ffffff\u00bb button_two_border_width=\u00bb0px\u00bb button_two_border_radius=\u00bb100px\u00bb button_two_icon=\u00bb%%20%%\u00bb button_two_icon_color=\u00bb#dc001b\u00bb max_height_tablet=\u00bb10vh\u00bb max_height_phone=\u00bb10vh\u00bb max_height_last_edited=\u00bbon|tablet\u00bb custom_margin=\u00bb||-1px|||\u00bb custom_padding=\u00bb75px||53px|||\u00bb hover_enabled=\u00bb0&#8243; title_font_size_tablet=\u00bb40px\u00bb title_font_size_phone=\u00bb30px\u00bb title_font_size_last_edited=\u00bbon|desktop\u00bb subhead_font_size_tablet=\u00bb25px\u00bb subhead_font_size_phone=\u00bb20px\u00bb subhead_font_size_last_edited=\u00bbon|phone\u00bb button_one_text_size_tablet=\u00bb10px\u00bb button_one_text_size_phone=\u00bb10px\u00bb button_one_text_size_last_edited=\u00bbon|phone\u00bb title_text_shadow_style=\u00bbpreset1&#8243; title_text_shadow_vertical_length=\u00bb0em\u00bb title_text_shadow_blur_strength=\u00bb0.65em\u00bb title_text_shadow_color=\u00bbrgba(0,0,0,0.9)\u00bb subhead_text_shadow_style=\u00bbpreset1&#8243; subhead_text_shadow_vertical_length=\u00bb0em\u00bb subhead_text_shadow_blur_strength=\u00bb0.3em\u00bb sticky_enabled=\u00bb0&#8243;][\/et_pb_fullwidth_header][\/et_pb_section][et_pb_section fb_built=\u00bb1&#8243; _builder_version=\u00bb4.9.0&#8243; min_height=\u00bb500px\u00bb custom_margin=\u00bb0px||0px||false|false\u00bb custom_padding=\u00bb||1px||false|false\u00bb][et_pb_row _builder_version=\u00bb4.9.0&#8243; _module_preset=\u00bbdefault\u00bb][et_pb_column type=\u00bb4_4&#8243; _builder_version=\u00bb4.9.0&#8243; _module_preset=\u00bbdefault\u00bb][et_pb_blog fullwidth=\u00bboff\u00bb posts_number=\u00bb6&#8243; include_categories=\u00bb51&#8243; meta_date=\u00bbj F Y\u00bb excerpt_length=\u00bb200&#8243; show_author=\u00bboff\u00bb show_categories=\u00bboff\u00bb show_pagination=\u00bboff\u00bb use_overlay=\u00bbon\u00bb overlay_icon_color=\u00bbrgba(220,0,27,0.74)\u00bb hover_overlay_color=\u00bbrgba(220,0,27,0.7)\u00bb module_class=\u00bbsensei-grid\u00bb _builder_version=\u00bb4.9.0&#8243; header_font=\u00bbMuli|800|||||||\u00bb header_font_size=\u00bb24px\u00bb header_line_height=\u00bb1.3em\u00bb body_text_align=\u00bbjustify\u00bb text_orientation=\u00bbleft\u00bb border_radii=\u00bbon|10px|10px|10px|10px\u00bb border_width_all=\u00bb0px\u00bb box_shadow_style=\u00bbpreset1&#8243; box_shadow_vertical=\u00bb0px\u00bb box_shadow_blur=\u00bb15px\u00bb box_shadow_spread=\u00bb-5px\u00bb][\/et_pb_blog][\/et_pb_column][\/et_pb_row][\/et_pb_section][et_pb_section fb_built=\u00bb1&#8243; _builder_version=\u00bb4.9.0&#8243; min_height=\u00bb137px\u00bb custom_margin=\u00bb-100px||||false|false\u00bb bottom_divider_style=\u00bbgraph2&#8243; bottom_divider_color=\u00bb#e5e5e5&#8243; bottom_divider_height=\u00bb100%\u00bb bottom_divider_repeat=\u00bb0x\u00bb][\/et_pb_section][et_pb_section fb_built=\u00bb1&#8243; _builder_version=\u00bb4.4.0&#8243; background_color=\u00bb#e5e5e5&#8243; saved_tabs=\u00bball\u00bb locked=\u00bboff\u00bb][et_pb_row _builder_version=\u00bb4.9.0&#8243;][et_pb_column type=\u00bb4_4&#8243; _builder_version=\u00bb4.2.2&#8243;][et_pb_blurb url=\u00bbhttps:\/\/www.salesianos.edu\/familiasalesiana\/\u00bb url_new_window=\u00bbon\u00bb image=\u00bbhttp:\/\/www.salesianos.edu\/familiasalesiana\/wp-content\/uploads\/sites\/5\/2020\/03\/Somos-Familia-Salesiana.png\u00bb icon_color_last_edited=\u00bboff|desktop\u00bb content_max_width_last_edited=\u00bboff|desktop\u00bb _builder_version=\u00bb4.9.0&#8243; header_level=\u00bbh1&#8243; header_font=\u00bb|300|||||||\u00bb header_text_align=\u00bbcenter\u00bb header_text_color=\u00bb#51626f\u00bb body_text_align=\u00bbcenter\u00bb background_color=\u00bb#ffffff\u00bb text_orientation=\u00bbcenter\u00bb custom_margin=\u00bb||||false|false\u00bb custom_padding=\u00bb20px|20px|20px|20px|true|true\u00bb link_option_url=\u00bbhttps:\/\/www.salesianos.edu\/familiasalesiana\/\u00bb link_option_url_new_window=\u00bbon\u00bb custom_css_blurb_image=\u00bbmargin-bottom:10px;\u00bb border_radii=\u00bbon|20px|20px|20px|20px\u00bb border_color_all=\u00bb#636a70&#8243; box_shadow_style=\u00bbpreset2&#8243; icon_color__hover_enabled=\u00bboff|hover\u00bb icon_color__hover=\u00bb#ffffff\u00bb circle_color__hover_enabled=\u00bboff|desktop\u00bb circle_color__hover=\u00bb#dc001b\u00bb transform_styles__hover_enabled=\u00bbon|hover\u00bb transform_scale__hover_enabled=\u00bbon|hover\u00bb transform_translate__hover_enabled=\u00bbon|desktop\u00bb transform_rotate__hover_enabled=\u00bbon|desktop\u00bb transform_skew__hover_enabled=\u00bbon|desktop\u00bb transform_origin__hover_enabled=\u00bbon|desktop\u00bb transform_scale__hover=\u00bb110%|110%\u00bb][\/et_pb_blurb][\/et_pb_column][\/et_pb_row][\/et_pb_section]<\/p>\n","protected":false},"excerpt":{"rendered":"","protected":false},"author":12,"featured_media":8622,"parent":0,"menu_order":0,"comment_status":"closed","ping_status":"closed","template":"","meta":{"_et_pb_use_builder":"on","_et_pb_old_content":"","_et_gb_content_width":"","footnotes":""},"class_list":["post-9338","page","type-page","status-publish","has-post-thumbnail","hentry"],"yoast_head":"<!-- This site is optimized with the Yoast SEO plugin v27.4 - https:\/\/yoast.com\/product\/yoast-seo-wordpress\/ -->\n<title>conversaciones entre delegados - Familia Salesiana<\/title>\n<meta name=\"robots\" content=\"index, follow, max-snippet:-1, max-image-preview:large, max-video-preview:-1\" \/>\n<link rel=\"canonical\" href=\"https:\/\/www.salesianos.edu\/familiasalesiana\/conversaciones-entre-delegados\/\" \/>\n<meta property=\"og:locale\" content=\"es_ES\" \/>\n<meta property=\"og:type\" content=\"article\" \/>\n<meta property=\"og:title\" content=\"conversaciones entre delegados - Familia Salesiana\" \/>\n<meta property=\"og:description\" content=\"Titulo p\u00e1ginas Subtitulo 1 Lorem Ipsum es simplemente el texto de relleno de las imprentas y archivos de texto. Lorem Ipsum ha sido el texto de relleno est\u00e1ndar de las industrias desde el a\u00f1o 1500, cuando un impresor (N. del T. persona que se dedica a la imprenta) desconocido us\u00f3 una galer\u00eda de textos y [&hellip;]\" \/>\n<meta property=\"og:url\" content=\"https:\/\/www.salesianos.edu\/familiasalesiana\/conversaciones-entre-delegados\/\" \/>\n<meta property=\"og:site_name\" content=\"Familia Salesiana\" \/>\n<meta property=\"article:modified_time\" content=\"2021-02-22T18:14:41+00:00\" \/>\n<meta property=\"og:image\" content=\"https:\/\/www.salesianos.edu\/familiasalesiana\/wp-content\/uploads\/sites\/5\/2020\/03\/Somos-Familia-Salesiana.png\" \/>\n\t<meta property=\"og:image:width\" content=\"1868\" \/>\n\t<meta property=\"og:image:height\" content=\"575\" \/>\n\t<meta property=\"og:image:type\" content=\"image\/png\" \/>\n<meta name=\"twitter:card\" content=\"summary_large_image\" \/>\n<meta name=\"twitter:label1\" content=\"Tiempo de lectura\" \/>\n\t<meta name=\"twitter:data1\" content=\"3 minutos\" \/>\n<script type=\"application\/ld+json\" class=\"yoast-schema-graph\">{\"@context\":\"https:\\\/\\\/schema.org\",\"@graph\":[{\"@type\":\"WebPage\",\"@id\":\"https:\\\/\\\/www.salesianos.edu\\\/familiasalesiana\\\/conversaciones-entre-delegados\\\/\",\"url\":\"https:\\\/\\\/www.salesianos.edu\\\/familiasalesiana\\\/conversaciones-entre-delegados\\\/\",\"name\":\"conversaciones entre delegados - Familia Salesiana\",\"isPartOf\":{\"@id\":\"https:\\\/\\\/www.salesianos.edu\\\/familiasalesiana\\\/#website\"},\"primaryImageOfPage\":{\"@id\":\"https:\\\/\\\/www.salesianos.edu\\\/familiasalesiana\\\/conversaciones-entre-delegados\\\/#primaryimage\"},\"image\":{\"@id\":\"https:\\\/\\\/www.salesianos.edu\\\/familiasalesiana\\\/conversaciones-entre-delegados\\\/#primaryimage\"},\"thumbnailUrl\":\"http:\\\/\\\/www.salesianos.edu\\\/familiasalesiana\\\/wp-content\\\/uploads\\\/sites\\\/5\\\/2020\\\/03\\\/Somos-Familia-Salesiana.png\",\"datePublished\":\"2021-02-22T11:13:09+00:00\",\"dateModified\":\"2021-02-22T18:14:41+00:00\",\"breadcrumb\":{\"@id\":\"https:\\\/\\\/www.salesianos.edu\\\/familiasalesiana\\\/conversaciones-entre-delegados\\\/#breadcrumb\"},\"inLanguage\":\"es\",\"potentialAction\":[{\"@type\":\"ReadAction\",\"target\":[\"https:\\\/\\\/www.salesianos.edu\\\/familiasalesiana\\\/conversaciones-entre-delegados\\\/\"]}]},{\"@type\":\"ImageObject\",\"inLanguage\":\"es\",\"@id\":\"https:\\\/\\\/www.salesianos.edu\\\/familiasalesiana\\\/conversaciones-entre-delegados\\\/#primaryimage\",\"url\":\"http:\\\/\\\/www.salesianos.edu\\\/familiasalesiana\\\/wp-content\\\/uploads\\\/sites\\\/5\\\/2020\\\/03\\\/Somos-Familia-Salesiana.png\",\"contentUrl\":\"http:\\\/\\\/www.salesianos.edu\\\/familiasalesiana\\\/wp-content\\\/uploads\\\/sites\\\/5\\\/2020\\\/03\\\/Somos-Familia-Salesiana.png\",\"width\":1868,\"height\":575},{\"@type\":\"BreadcrumbList\",\"@id\":\"https:\\\/\\\/www.salesianos.edu\\\/familiasalesiana\\\/conversaciones-entre-delegados\\\/#breadcrumb\",\"itemListElement\":[{\"@type\":\"ListItem\",\"position\":1,\"name\":\"Portada\",\"item\":\"https:\\\/\\\/www.salesianos.edu\\\/familiasalesiana\\\/\"},{\"@type\":\"ListItem\",\"position\":2,\"name\":\"conversaciones entre delegados\"}]},{\"@type\":\"WebSite\",\"@id\":\"https:\\\/\\\/www.salesianos.edu\\\/familiasalesiana\\\/#website\",\"url\":\"https:\\\/\\\/www.salesianos.edu\\\/familiasalesiana\\\/\",\"name\":\"Familia Salesiana\",\"description\":\"P\u00e1gina oficial de Inspector\u00eda Salesiana Mar\u00eda Auxiliadora\",\"potentialAction\":[{\"@type\":\"SearchAction\",\"target\":{\"@type\":\"EntryPoint\",\"urlTemplate\":\"https:\\\/\\\/www.salesianos.edu\\\/familiasalesiana\\\/?s={search_term_string}\"},\"query-input\":{\"@type\":\"PropertyValueSpecification\",\"valueRequired\":true,\"valueName\":\"search_term_string\"}}],\"inLanguage\":\"es\"}]}<\/script>\n<!-- \/ Yoast SEO plugin. -->","yoast_head_json":{"title":"conversaciones entre delegados - Familia Salesiana","robots":{"index":"index","follow":"follow","max-snippet":"max-snippet:-1","max-image-preview":"max-image-preview:large","max-video-preview":"max-video-preview:-1"},"canonical":"https:\/\/www.salesianos.edu\/familiasalesiana\/conversaciones-entre-delegados\/","og_locale":"es_ES","og_type":"article","og_title":"conversaciones entre delegados - Familia Salesiana","og_description":"Titulo p\u00e1ginas Subtitulo 1 Lorem Ipsum es simplemente el texto de relleno de las imprentas y archivos de texto. Lorem Ipsum ha sido el texto de relleno est\u00e1ndar de las industrias desde el a\u00f1o 1500, cuando un impresor (N. del T. persona que se dedica a la imprenta) desconocido us\u00f3 una galer\u00eda de textos y [&hellip;]","og_url":"https:\/\/www.salesianos.edu\/familiasalesiana\/conversaciones-entre-delegados\/","og_site_name":"Familia Salesiana","article_modified_time":"2021-02-22T18:14:41+00:00","og_image":[{"width":1868,"height":575,"url":"https:\/\/www.salesianos.edu\/familiasalesiana\/wp-content\/uploads\/sites\/5\/2020\/03\/Somos-Familia-Salesiana.png","type":"image\/png"}],"twitter_card":"summary_large_image","twitter_misc":{"Tiempo de lectura":"3 minutos"},"schema":{"@context":"https:\/\/schema.org","@graph":[{"@type":"WebPage","@id":"https:\/\/www.salesianos.edu\/familiasalesiana\/conversaciones-entre-delegados\/","url":"https:\/\/www.salesianos.edu\/familiasalesiana\/conversaciones-entre-delegados\/","name":"conversaciones entre delegados - Familia Salesiana","isPartOf":{"@id":"https:\/\/www.salesianos.edu\/familiasalesiana\/#website"},"primaryImageOfPage":{"@id":"https:\/\/www.salesianos.edu\/familiasalesiana\/conversaciones-entre-delegados\/#primaryimage"},"image":{"@id":"https:\/\/www.salesianos.edu\/familiasalesiana\/conversaciones-entre-delegados\/#primaryimage"},"thumbnailUrl":"http:\/\/www.salesianos.edu\/familiasalesiana\/wp-content\/uploads\/sites\/5\/2020\/03\/Somos-Familia-Salesiana.png","datePublished":"2021-02-22T11:13:09+00:00","dateModified":"2021-02-22T18:14:41+00:00","breadcrumb":{"@id":"https:\/\/www.salesianos.edu\/familiasalesiana\/conversaciones-entre-delegados\/#breadcrumb"},"inLanguage":"es","potentialAction":[{"@type":"ReadAction","target":["https:\/\/www.salesianos.edu\/familiasalesiana\/conversaciones-entre-delegados\/"]}]},{"@type":"ImageObject","inLanguage":"es","@id":"https:\/\/www.salesianos.edu\/familiasalesiana\/conversaciones-entre-delegados\/#primaryimage","url":"http:\/\/www.salesianos.edu\/familiasalesiana\/wp-content\/uploads\/sites\/5\/2020\/03\/Somos-Familia-Salesiana.png","contentUrl":"http:\/\/www.salesianos.edu\/familiasalesiana\/wp-content\/uploads\/sites\/5\/2020\/03\/Somos-Familia-Salesiana.png","width":1868,"height":575},{"@type":"BreadcrumbList","@id":"https:\/\/www.salesianos.edu\/familiasalesiana\/conversaciones-entre-delegados\/#breadcrumb","itemListElement":[{"@type":"ListItem","position":1,"name":"Portada","item":"https:\/\/www.salesianos.edu\/familiasalesiana\/"},{"@type":"ListItem","position":2,"name":"conversaciones entre delegados"}]},{"@type":"WebSite","@id":"https:\/\/www.salesianos.edu\/familiasalesiana\/#website","url":"https:\/\/www.salesianos.edu\/familiasalesiana\/","name":"Familia Salesiana","description":"P\u00e1gina oficial de Inspector\u00eda Salesiana Mar\u00eda Auxiliadora","potentialAction":[{"@type":"SearchAction","target":{"@type":"EntryPoint","urlTemplate":"https:\/\/www.salesianos.edu\/familiasalesiana\/?s={search_term_string}"},"query-input":{"@type":"PropertyValueSpecification","valueRequired":true,"valueName":"search_term_string"}}],"inLanguage":"es"}]}},"_links":{"self":[{"href":"http:\/\/www.salesianos.edu\/familiasalesiana\/wp-json\/wp\/v2\/pages\/9338","targetHints":{"allow":["GET"]}}],"collection":[{"href":"http:\/\/www.salesianos.edu\/familiasalesiana\/wp-json\/wp\/v2\/pages"}],"about":[{"href":"http:\/\/www.salesianos.edu\/familiasalesiana\/wp-json\/wp\/v2\/types\/page"}],"author":[{"embeddable":true,"href":"http:\/\/www.salesianos.edu\/familiasalesiana\/wp-json\/wp\/v2\/users\/12"}],"replies":[{"embeddable":true,"href":"http:\/\/www.salesianos.edu\/familiasalesiana\/wp-json\/wp\/v2\/comments?post=9338"}],"version-history":[{"count":7,"href":"http:\/\/www.salesianos.edu\/familiasalesiana\/wp-json\/wp\/v2\/pages\/9338\/revisions"}],"predecessor-version":[{"id":9363,"href":"http:\/\/www.salesianos.edu\/familiasalesiana\/wp-json\/wp\/v2\/pages\/9338\/revisions\/9363"}],"wp:featuredmedia":[{"embeddable":true,"href":"http:\/\/www.salesianos.edu\/familiasalesiana\/wp-json\/wp\/v2\/media\/8622"}],"wp:attachment":[{"href":"http:\/\/www.salesianos.edu\/familiasalesiana\/wp-json\/wp\/v2\/media?parent=9338"}],"curies":[{"name":"wp","href":"https:\/\/api.w.org\/{rel}","templated":true}]}}